of 13 and 949.
13
Calculate the highest common divisor of 45080 and 49.
49
Calculate the highest common divisor of 216 and 1488.
24
What is the greatest common divisor of 132 and 231?
33
Calculate the greatest common factor of 17 and 20077.
17
Calculate the greatest common factor of 630 and 357.
21
Calculate the highest common divisor of 40 and 136.
8
What is the highest common divisor of 2165 and 10?
5
What is the highest common factor of 550 and 1078?
22
What is the greatest common divisor of 242 and 5808?
242
Calculate the highest common divisor of 35 and 2560.
5
What is the highest common divisor of 178 and 979?
89
What is the highest common factor of 40247 and 241?
241
Calculate the greatest common factor of 5985 and 180.
45
What is the greatest common factor of 633 and 3?
3
What is the highest common factor of 30 and 1806?
6
Calculate the highest common factor of 296 and 16.
8
Calculate the highest common factor of 1488 and 3100.
124
What is the greatest common factor of 225 and 125?
25
What is the highest common factor of 39 and 325?
13
What is the greatest common divisor of 252 and 28?
28
What is the greatest common divisor of 12 and 220?
4
What is the greatest common divisor of 56 and 1512?
56
Calculate the greatest common factor of 124 and 4123.
31
Calculate the greatest common divisor of 208 and 1404.
52
Calculate the greatest common divisor of 1248 and 3072.
96
What is the highest common factor of 407 and 33?
11
Calculate the highest common divisor of 10 and 215.
5
What is the greatest common divisor of 63 and 117?
9
What is the highest common divisor of 1182 and 26398?
394
What is the greatest common divisor of 4607 and 7859?
271
Calculate the highest common divisor of 1422 and 27.
9
Calculate the greatest common divisor of 1328 and 80.
16
What is the greatest common divisor of 1391 and 535?
107
Calculate the highest common divisor of 9180 and 45.
45
Calculate the greatest common factor of 36 and 828.
36
Calculate the greatest common divisor of 38906 and 70.
14
Calculate the greatest common factor of 66 and 286.
22
Calculate the greatest common factor of 238 and 56.
14
Calculate the greatest common factor of 66 and 187.
11
What is the highest common factor of 506 and 1058?
46
Calculate the highest common factor of 1560 and 72.
24
Calculate the highest common factor of 5 and 85.
5
What is the greatest common factor of 1825 and 292?
73
Calculate the greatest common divisor of 112 and 1393.
7
What is the highest common factor of 190 and 26?
2
Calculate the greatest common factor of 4582 and 158.
158
What is the greatest common factor of 31 and 527?
31
What is the greatest common divisor of 12 and 1236?
12
Calculate the greatest common factor of 469 and 21.
7
What is the greatest common factor of 18 and 138?
6
Calculate the greatest common factor of 89 and 1424.
89
What is the highest common divisor of 9525 and 225?
75
Calculate the highest common factor of 178 and 89.
89
Calculate the greatest common divisor of 171 and 18.
9
What is the greatest common divisor of 110 and 4235?
55
What is the highest common divisor of 8 and 11944?
8
What is the highest common factor of 3008 and 94?
94
What is the greatest common divisor of 68 and 68?
68
Calculate the greatest common divisor of 6 and 2628.
6
What is the highest common divisor of 183 and 244?
61
What is the highest common factor of 2310 and 7350?
210
What is the greatest common divisor of 8 and 148?
4
What is the greatest common divisor of 3827 and 43?
43
Calculate the greatest common divisor of 34 and 8330.
34
Calculate the highest common factor of 13 and 3.
1
What is the highest common divisor of 72 and 936?
72
Calculate the greatest common factor of 38 and 209.
19
Calculate the greatest common factor of 56 and 574.
14
Calculate the highest common divisor of 3990 and 150.
30
Calculate the greatest common factor of 72 and 54.
18
Calculate the greatest common divisor of 40811 and 37.
37
What is the greatest common factor of 29136 and 48?
48
Calculate the highest common factor of 49 and 119.
7
Calculate the greatest common divisor of 949 and 52.
13
Calculate the greatest common divisor of 75 and 60.
15
Calculate the greatest common factor of 26 and 18460.
26
Calculate the greatest common divisor of 490 and 14.
14
What is the highest common divisor of 117 and 312?
39
What is the highest common factor of 2412 and 10050?
402
What is the highest common factor of 917 and 131?
131
Calculate the greatest common divisor of 195 and 1209.
39
What is the highest common divisor of 80 and 290?
10
What is the highest common divisor of 18 and 3285?
9
What is the highest common factor of 384 and 360?
24
What is the highest common divisor of 15 and 5475?
15
What is the highest common factor of 6214 and 104?
26
What is the greatest common factor of 4012 and 68?
68
Calculate the highest common factor of 12 and 150.
6
What is the greatest common factor of 2874 and 12?
6
Calculate the highest common factor of 6 and 6.
6
Calculate the highest common factor of 11872 and 112.
112
Calculate the greatest common divisor of 5797 and 11.
11
Calculate the greatest common divisor of 1590 and 10.
10
Calculate the greatest common divisor of 259 and 74.
37
What is the greatest common divisor of 30 and 145?
5
Calculate the greatest common factor of 500 and 3100.
100
Calculate the greatest common divisor of 21 and 84.
21
Calculate the highest common factor of 418 and 18183.
209
Calculate the highest common factor of 1448 and 1267.
181
Calculate the greatest common factor of 4592 and 42.
14
What is the highest common divisor of 16812 and 36?
36
What is the greatest common divisor of 33 and 143?
11
What is the greatest common divisor of 913 and 121?
11
What is the greatest common divisor of 741 and 117?
39
What is the highest common factor of 355 and 5?
5
Calculate the highest common factor of 97 and 2231.
97
What is the greatest common factor of 943 and 483?
23
What is the greatest common factor of 1888 and 649?
59
Calculate the greatest common divisor of 50 and 170.
10
Calculate the greatest common factor of 471 and 16171.
157
What is the greatest common divisor of 90 and 735?
15
Calculate the highest common factor of 40 and 265.
5
What is the greatest common divisor of 80 and 65?
5
Calculate the greatest common divisor of 988 and 65.
13
Calculate the greatest common divisor of 232 and 32.
8
What is the highest common factor of 330 and 5115?
165
What is the greatest common divisor of 72 and 99?
9
What is the highest common factor of 23 and 276?
23
Calculate the greatest common factor of 110 and 66.
22
Calculate the highest common factor of 16 and 656.
16
Calculate the greatest common factor of 13 and 637.
13
Calculate the greatest common factor of 3438 and 18.
18
What is the highest common divisor of 4181 and 37?
37
What is the greatest common factor of 11 and 2?
1
What is the greatest common factor of 182 and 455?
91
Calculate the highest common divisor of 86 and 26746.
86
Calculate the greatest common divisor of 2457 and 28.
7
Calculate the greatest common factor of 78 and 28977.
39
Calculate the greatest common divisor of 23 and 2231.
23
Calculate the highest common divisor of 220 and 176.
44
Calculate the greatest common divisor of 53 and 1007.
53
What is the highest common divisor of 43 and 1?
1
What is the greatest common factor of 1073 and 481?
37
Calculate the highest common divisor of 26 and 13.
13
What is the highest common factor of 7 and 301?
7
What is the greatest common factor of 9 and 287?
1
What is the highest common factor of 47 and 611?
47
Calculate the highest common divisor of 33 and 4774.
11
What is the highest common divisor of 548 and 137?
137
Calculate the highest common factor of 76 and 1862.
38
What is the greatest common factor of 9255 and 15?
15
What is the greatest common divisor of 732 and 37515?
183
What is the greatest common divisor of 179 and 1?
1
Calculate the highest common factor of 805 and 1855.
35
What is the highest common factor of 4878 and 18?
18
Calculate the greatest common factor of 8 and 1754.
2
What is the highest common factor of 22 and 506?
22
What is the highest common factor of 741 and 57?
57
What is the highest common factor of 731 and 172?
43
What is the highest com